alculate the remainder when o is divided by 9.
7
Suppose k - 16 = -4*r, -4*k - 20 = -3*r - 2*r. Suppose 2*a = 5*o + 51, -r*a + 4*o = a - 102. What is the remainder when 34 is divided by a?
16
Suppose 0*o + 3*o - 195 = 0. Let r = o + -30. What is the remainder when r is divided by 11 - (0 + 1 + -2)?
11
Let z(r) = 0*r**2 + r**2 + 2*r**2. Let l be z(-1). Calculate the remainder when 3*(32/l - 2) is divided by 14.
12
Let q be (-4 - -2)*2*2. Let c = q + 27. What is the remainder when c is divided by 7?
5
Let f = -99 - -112. What is the remainder when 112 is divided by f?
8
Let a(f) = 12*f - 6. Let m be a(4). Let d = 1 + m. What is the remainder when d is divided by 11?
10
What is the remainder when 17 is divided by 1/((-14)/6) + (-900)/(-140)?
5
Let u be 0 - -36 - 1 - 3. Let o = u - 16. Calculate the remainder when 29 is divided by o.
13
Let d(a) = a**2 - 5*a - 3. Let l be d(6). Suppose 2*c = -l*c + 220. Calculate the remainder when c is divided by 15.
14
Let f(z) = 3*z**2 - z + 3. Let p be f(-3). Suppose 5*m = m + 5*d + p, -2*m + 4*d + 12 = 0. What is the remainder when 57 is divided by m?
9
Suppose -2*f - l = -4*l - 70, 0 = -2*f + 5*l + 66. What is the remainder when 72 is divided by f?
34
Let f = 93 + -77. Let b(h) = -44*h**3 + 2*h**2 - 1. What is the remainder when b(-1) is divided by f?
13
Suppose 0 = -5*f + 13 + 17. What is the remainder when 35 is divided by f?
5
Suppose a - 2*j = -0*a + 4, 4*a - 4*j - 36 = 0. What is the remainder when 39 is divided by a?
11
Suppose 4*s + 3 = 23. What is the remainder when (-1)/4 - 106/(-8) is divided by s?
3
Suppose -7 + 3 = -4*o. Let u = o - 2. What is the remainder when 41 is divided by 1 - -11 - 2/u?
13
Suppose -2*m + 25 = 3*c - 2*c, -3*m - 30 = -3*c. What is the remainder when 44 is divided by c?
14
Let i(a) = -a**3 - a. Calculate the remainder when i(-3) is divided by (11/(-2))/(5/(-10)).
8
Let i = 52 + 10. Calculate the remainder when i is divided by 13.
10
Suppose -2*l = -4*l. Suppose l = -4*s + 2*s + 14. Calculate the remainder when s is divided by 3.
1
Let j be (2/(-1))/((-20)/50). Suppose -j*g = -7 + 32. Let n = 2 - g. What is the remainder when 20 is divided by n?
6
Let x(z) = -z + 20. Calculate the remainder when x(-33) is divided by 20.
13
Suppose 5*j - 7*j + 20 = 0. Calculate the remainder when 39 is divided by j.
9
Suppose 4*n - l - 116 = -5*l, 5 = l. What is the remainder when 46 is divided by n?
22
Let f(y) = -y**3 - 5*y**2 - y - 4. Let j = -5 - -8. Suppose 2*t - j*t = -20. Calculate the remainder when f(-6) is divided by t.
18
Let w = -24 - -38. What is the remainder when 39 is divided by w?
11
Let j = 6 + -1. Suppose j*f = -0*p - p + 12, 0 = 5*f + 4*p - 18. Suppose -5*z - f*c = -57, 29 = 2*z + z - 4*c. Calculate the remainder when 32 is divided by z.
10
Let u = -2 + 9. What is the remainder when u is divided by 1?
0
Let k(l) = 4*l**2 + 3*l - 2. Let q = 4 + 52. Suppose 4*v - t = q, v - 6*t + 1 = -2*t. What is the remainder when k(3) is divided by v?
13
Let z be 3051/21 + 4/(-14). Let y = -82 + z. What is the remainder when y is divided by 16?
15
Let w = 36 - 19. What is the remainder when 83 is divided by w?
15
Let j = -62 + 96. Let n = 6 + -9. Calculate the remainder when j is divided by (-7 - n)*18/(-4).
16
Let v(f) = -10*f - 3. Let u be (2/5)/(2/10). Suppose 2*a - 5 = 2*i + 1, -12 = a + u*i. Calculate the remainder when v(a) is divided by 9.
8
Let l(g) = g**3 + 12. Let d = 19 - 18. Calculate the remainder when l(0) is divided by d/(4 + (-54)/14).
5
Suppose 4*i = 4*v - 16, -v - 2*i = -8 - 2. Calculate the remainder when 120/16*28/v is divided by 18.
17
Suppose 3*q = -9, -42 - 10 = -5*a + 4*q. Suppose -5*r + 119 = 4*y, -3*r + 13 = -5*y - 51. Calculate the remainder when r is divided by a.
7
Let g(t) = t**3 + 8*t**2 + 8*t + 8. What is the remainder when 94 is divided by g(-6)?
30
Suppose -4*m + 106 = 2*a - 0*a, 19 = m - a. What is the remainder when m is divided by 13?
11
Suppose -r + 32 = r. Calculate the remainder when 55 is divided by r.
7
Suppose -1 = -9*x + 53. What is the remainder when 27 is divided by x?
3
Let j(z) be the third derivative of -z**4/24 + 4*z**3/3 - z**2. Suppose 3*a = 2*a. Calculate the remainder when 14 is divided by j(a).
6
Suppose 5*k - 2 = 18. Suppose -k*d + 7 = -1, -2*v + 10 = 2*d. What is the remainder when 1*2 + 2 + 3 is divided by v?
1
Suppose 0 = -3*f - q - 5, -6*f - 2*q - 8 = -f. Let z(g) = g - 3*g - g**3 - 5*g**3 + 1. Calculate the remainder when z(f) is divided by 18.
17
Calculate the remainder when 17 is divided by 4/10 + -3 + (-365)/(-25).
5
Let t(s) = 7*s + 3. Let l(n) = n**2 - 2*n - 4. Let v = -1 - 2. What is the remainder when t(4) is divided by l(v)?
9
Let j(a) = 3*a**2 - 9*a - 4. What is the remainder when 30 is divided by j(4)?
6
Let i = -14 - -25. Suppose -i + 131 = 4*q. What is the remainder when q is divided by 11?
8
Let b = -53 + 76. Calculate the remainder when b is divided by 14.
9
Suppose -2*j + 4 = 0, -3 = 5*c + 2*j + 28. Let i = c - -20. Calculate the remainder when 22 is divided by i.
9
Calculate the remainder when (40/3)/(-8)*-9 is divided by 6/(-4)*16/(-3).
7
Let k be 3/(-1) - (-9)/3. Suppose k*b = -b + 4. What is the remainder when 10 is divided by b?
2
Let l(s) = s**3 - 4*s**2 - 4. Let h be l(4). Let k be 0 - ((-1 - -3) + h). Suppose -3 = -k*y + 3. What is the remainder when y is divided by 2?
1
Let n(s) = s - 1. Let p be 7 - (1 + -2)*-2. Calculate the remainder when 10 is divided by n(p).
2
Let c = 132 + -83. What is the remainder when 94 is divided by c?
45
Let y(h) = h + 6. Let n be y(-6). Suppose n*m - 4*m = -84. Let w = -15 + m. Calculate the remainder when w is divided by 4.
2
Let k = 1 - -1. Calculate the remainder when 6 - ((-4)/(-1))/2 is divided by k.
0
Suppose 3*o - 4*o = 3, 2*o - 19 = -5*k. What is the remainder when k is divided by 4?
1
Let f(n) = -7*n - 8. Let v be f(-5). Let r = v + -16. Suppose 3*c - 14 = -x, 4*x - 117 = -2*c - 41. What is the remainder when x is divided by r?
9
Let a(w) = w + 1. Let r(y) = y + 6. Let m be r(-6). What is the remainder when a(6) is divided by (m - 1)/(3/(-9))?
1
Let f = 31 + -7. Suppose 3*q - f = -q. Calculate the remainder when q is divided by 4.
2
Calculate the remainder when 45 is divided by (4/(-10))/((-7)/140) - 2.
3
Suppose 4*i = -v + 11, 2*v + 4*i + 6 = 24. Let x = 1 - v. What is the remainder when 14 is divided by 100/(-15)*x/5?
6
Let x(b) = -b**2 + 4*b - 1. Let u be x(2). Let i be u/((-3)/(-38) + 0). Calculate the remainder when 35 is divided by i*1*3/6.
16
Let l(d) = 15*d**2 - 2*d + 2. Calculate the remainder when l(2) is divided by 20.
18
Suppose 0*j - 5*j - s = -41, 4*s = 2*j - 12. Calculate the remainder when 2 + j/(-12)*-30 is divided by 12.
10
Let l(u) = u**3 - 6*u**2 + 4*u - 1. Let f be l(5). Let z = f + 13. What is the remainder when z is divided by 4?
3
Suppose -3*j = -5*j + 24. Suppose -4*c = -3*t - 144, 3*c - 2*t - 3 = 104. Suppose 2 = p - c. What is the remainder when p is divided by j?
11
Suppose -2*o + 84 = -318. Suppose -2*r = 4*w - 78, -5*r + o = -w + 5*w. Calculate the remainder when r is divided by 14.
13
Let c = -21 - -30. Let j = -59 + 92. What is the remainder when j is divided by c?
6
Suppose -11 = -2*z - 1. Suppose 4*b + 0 + 3 = -w, -3*w + 8 = -z*b. What is the remainder when (12/(-10))/(b/20) is divided by 13?
11
Let t be ((-6)/2)/(-2 + 1). Suppose l - t*l = -30. Let a = 47 - 18. Calculate the remainder when a is divided by l.
14
Let a = 67 - 34. Calculate the remainder when 0*(-2)/(-4) + a is divided by 12.
9
Suppose 0*c = c - 29. Suppose -3*t + 70 = -38. Suppose -4*l + r + 39 = 0, 4*l - t = 5*r - r. Calculate the remainder when c is divided by l.
9
What is the remainder when (-1)/3 + (-824)/(-24) is divided by 18?
16
Let u(s) = -s**3 + 7*s**2 + 2*s + 3. Let l = -3 + 7. What is the remainder when u(l) is divided by 20?
19
Let a = -23 - -201. What is the remainder when a is divided by 18?
16
Let n(q) = -8*q + 5. Let p(s) = -4*s - 2. Let r be p(-3). Let t = r + 8. Calculate the remainder when n(-6) is divided by t.
17
Suppose 21 = f - s - 2*s, 2*f = -5*s + 53. Suppose -2*v = 2*v - f. Let m(k) = 9*k - 1. What is the remainder when m(2) is divided by v?
5
Suppose -60 - 28 = -8*b. What is the remainder when b is divided by 3?
2
Calculate the remainder